mber?
False
Suppose 2*b - 5*b - 4*g - 5 = 0, -4*b - 2 = 3*g. Suppose 0 = j - 1 - 1. Is (-19)/(-2)*b*j prime?
True
Let z(d) = -d**3 + 7*d**2 - 5*d + 4. Let b = -1 - -7. Let a be z(b). Suppose 81 = k - a. Is k prime?
False
Let h(x) be the third derivative of x**6/120 + 11*x**5/60 + 7*x**3/6 - 3*x**2. Is h(-11) composite?
False
Suppose 36*m - 1839 = 33*m. Is m prime?
True
Let f(v) = -v**3 + v**2 + 5*v - 3. Let c be f(3). Let n(m) = 2 - 11*m + 0*m - 10. Is n(c) a prime number?
False
Suppose 0 = 4*p - 2*j - 0*j + 6, 0 = 4*p - 4*j + 4. Is p - (-6 - -3)*71 a composite number?
False
Let a(m) be the second derivative of m**5/20 + 13*m**4/12 + 5*m**3/3 - 11*m**2/2 - m. Is a(-12) composite?
False
Let t(l) = 39*l**2 + 2*l - 1. Let m = 3 - 1. Is t(m) a composite number?
True
Let b = 834 - 591. Let n = 806 - b. Is n composite?
False
Suppose 4*g = 0, -z + 0*g + 9 = -2*g. Let o be (-1)/3 + 39/z. Suppose -o*y - 3*m = -216, 6*m - 2*m - 271 = -5*y. Is y prime?
False
Suppose o + 1 = 5. Let x be 4*(1 + (-1)/(-4)). Suppose x*i = o*i + 6. Is i prime?
False
Let c(u) be the first derivative of 2*u**3/3 + 4*u**2 - 8*u - 1. Let g = 68 + -75. Is c(g) composite?
True
Suppose 2*p - 6*o + 2*o + 452 = 0, -4*p - 4*o = 856. Let i = 1485 + p. Is i prime?
False
Let u = 11 - 14. Let c(g) = -g**3 - 8*g**2 + 8*g - 7. Let l be c(-9). Is (u + (-195)/(-6))*l prime?
True
Is (114/9)/(2/39) prime?
False
Suppose 3*g + 5*b = -g + 1309, 4*g = 5*b + 1339. Is g prime?
True
Let h be 2 + 0 + 2 + 1. Suppose -110 = h*r - 445. Is r a prime number?
True
Suppose 15 = 2*a + 5*n, -4*a + 14 = -2*a + 4*n. Suppose 0 = -3*p + 5*s + 832, -4*s = -a*p + 198 + 1167. Is p a composite number?
False
Suppose -t - 3*a - 39 - 54 = 0, 4*a - 20 = 0. Let x = 21 - t. Is x prime?
False
Suppose 2*x = 6*x. Suppose 5*a - j - 16 = x, 5*j = 3*a + 3*j - 11. Suppose 190 = a*f - n + 38, 270 = 5*f - 5*n. Is f a composite number?
True
Let t be -8 - -9 - -56*1. Let a = t + 250. Is a composite?
False
Let a be 1/(2/(-28) + 0). Let y = 24 + a. Suppose -82 = -4*q + y. Is q a composite number?
False
Suppose 4*g = 3*y + 213, 2*g + 0 - 139 = -5*y. Let s = 69 + 1. Let q = s + g. Is q a composite number?
False
Let s(r) = -r**3 - 3*r**2 - 2*r - 2. Let b be s(-3). Let h(l) = 32*l - 1. Is h(b) prime?
True
Let s = 6 - -10. Suppose -4*a + 17 = 5*t - 122, 4*a + s = 0. Is t composite?
False
Let f(b) = -b**3 - 4*b**2 - 8*b + 1. Let y be f(-6). Let s = y - -90. Is s prime?
True
Let a(n) = -n**2 + 6*n + 5. Suppose -2*l + 3*f = -23, 3*l + 2*f - 6 = 9. Let o be a(l). Is (-1)/(o + (-37)/(-19)) a composite number?
False
Let d(v) = 4*v**3 + 2. Let q(n) = -19*n**3 - 10. Let l(o) = -11*d(o) - 2*q(o). Let r be l(-2). Suppose 133 = 2*x - 5*f - r, f + 5 = 0. Is x a composite number?
True
Let x(c) be the second derivative of -41*c**3/6 - 3*c**2/2 - c. Let y(g) = -g**3 + 5*g**2 - 2*g + 6. Let m be y(5). Is x(m) composite?
True
Let m be ((-16)/4 - -1) + 915. Let g = -419 + m. Is g a prime number?
False
Suppose 0*g + 2 = t + g, 2*t = 2*g + 4. Suppose -2*r + 382 = -t*b, -2*r + 233 + 129 = 3*b. Is r composite?
True
Is ((-2)/5)/(4/(-5990)) a composite number?
False
Suppose 5*h + 5*v - 2490 = 0, 5 = 5*v - 0*v. Is h a composite number?
True
Let p(c) = -c**2 + 4*c + 5. Let o be p(5). Suppose o*d + 3*d - 2*k = 2087, k + 694 = d. Is d/21 + (-6)/21 a prime number?
False
Let i = 12 + -17. Let h = i - -8. Is h composite?
False
Let g(o) = -o**2 + 4*o - 1. Let r be g(3). Suppose -5*j = 4*c - 50, -r*j - j + c = -13. Is j composite?
True
Let p = 2 - 5. Let z = 32 - p. Is z composite?
True
Let v be (8 + -11)*5/(-3). Let p be (-342)/(-1 + -1) + -1. Suppose 245 = v*h - 5*m - p, 3*h = -m + 249. Is h a prime number?
True
Let s = 358 - 201. Is s a prime number?
True
Suppose 2*c - 16 = -2*c. Suppose j = 3*j - c*f - 326, -j + 171 = -4*f. Is j prime?
False
Let i = 7 - 11. Let f = 6 + i. Suppose -6*b = -f*b - 212. Is b composite?
False
Let g = 18 - -345. Suppose 4*o = o + g. Is o a composite number?
True
Suppose -5*g = 4*n - 1040, -639 + 223 = -2*g + 3*n. Suppose 0 = 4*w - 4*a - g + 24, -86 = -2*w + 4*a. Is w a composite number?
True
Let n(p) = 3*p - 15. Let k be (-8)/6*36/(-3). Is n(k) composite?
True
Suppose -4*g - 2*y + 8618 = 0, -6*y + 9 = -3*y. Is g composite?
False
Is 60 - -1 - (-3)/3 prime?
False
Is 2/3 + (-85605)/(-45) composite?
True
Suppose 5*s - 4*x = 2*s + 314, 2*s - 2*x - 210 = 0. Is s prime?
False
Let y be -4 - -3 - 3*-1. Let p(j) = j**2 + 2*j - 2*j**y + 17 + 15*j. Is p(13) prime?
False
Let i(k) = -k**3 - 9*k**2 + 8*k + 15. Let t = -11 + 1. Is i(t) prime?
False
Suppose 0 = -3*s + 4*s - 1563. Is s composite?
True
Let m be 53 - (3 + -12)/3. Let j = m - 17. Is j prime?
False
Suppose o + 0*o = 4*h - 312, 0 = 2*h - o - 158. Is h composite?
True
Suppose p + 5*p = 4038. Is p a composite number?
False
Suppose -45*r = -44*r - 139. Is r a prime number?
True
Is ((-69267)/(-6))/11*(3 - 1) a prime number?
True
Let u be ((-105)/9)/(2/(-48)). Suppose u = 3*a - 713. Is a a prime number?
True
Let w(r) = -6*r**3 - 3*r - 3. Let z be w(-2). Suppose z = c - 6. Suppose 5*n - 128 = c. Is n a composite number?
False
Let h(y) = 3*y**3 - 2*y**2 + y. Let n be h(1). Suppose n*p + 1 = p. Let z = 12 - p. Is z composite?
False
Suppose -5 - 726 = -w - 5*d, 4*w + d = 2981. Is w a prime number?
False
Let i be (-4)/6*(-44 + -4). Let k = i + 5. Is k a prime number?
True
Suppose -12*s + 7*s = -10. Suppose s*c - r + 39 = 3*c, 93 = 3*c - 3*r. Is c a prime number?
False
Suppose -2*u = -8949 - 2113. Is u a composite number?
False
Let v = -8 + 8. Suppose -2*z = 5*q - v*q - 177, 0 = -q - z + 36. Is q prime?
False
Suppose -10*x = -12*x - 2886. Let j = x + 2092. Is j prime?
False
Let y = -1 + 4. Is 6 + (-9)/y - -86 prime?
True
Let g = 113 + -39. Is g a composite number?
True
Let t(g) = -7 + 0 + 20*g + 9 + 7. Is t(7) a prime number?
True
Let d(c) = -c**2 + 20*c - 20. Is d(11) composite?
False
Let p(q) = q**2 + 2*q - 3. Let i be p(-4). Suppose -5*z = i, -g + 0*g - 2*z + 221 = 0. Is g prime?
True
Let s(r) be the second derivative of r**3/6 - 4*r**2 + r. Let i be s(6). Is 4 + 1 + i + 0 composite?
False
Suppose -3*o + 2*p = -5853, -3*o + 6*o + p - 5844 = 0. Is o composite?
False
Is 1/(-4*(-4)/4912) prime?
True
Let a be (-2)/((-3)/3) - 2. Suppose -s + 1 = a, m + m + 4*s = 588. Suppose 5*g = -5*n + 270, 30 = -5*n + 3*g + m. Is n composite?
False
Let q(j) be the third derivative of -j**6/120 + j**5/10 + j**4/12 - j**3/6 + j**2. Suppose -3*b = -7*b + 20. Is q(b) composite?
True
Let r(p) = p**2 - 13*p - 13. Let i be r(-8). Let a = 312 - i. Is a a prime number?
True
Is (-36237)/(-12) + (-18)/24 composite?
False
Let u(a) = -5*a**2 - 15*a - 27. Let l(v) = 2*v**2 + 7*v + 14. Let r(m) = -7*l(m) - 3*u(m). Is r(12) prime?
True
Let u(c) = 2*c**2 - 9*c + 14. Is u(-9) prime?
True
Suppose j = -y + 15, 4*j = -0*y + 3*y + 88. Is j a prime number?
True
Let o = -4 + 6. Suppose 26 = -o*z + 8. Is (-2)/z + (-4017)/(-27) composite?
False
Suppose 3*t - 2389 = -i, -2*i + 475 = 3*t - 1912. Is t prime?
True
Let t(u) = -u**3 + 46. Suppose -f = -0*f. Is t(f) a composite number?
True
Suppose 0 = 4*i + 18 - 6. Let x(p) be the third derivative of -p**6/60 - p**5/15 + p**4/24 + 2*p**3/3 + p**2. Is x(i) a composite number?
False
Suppose 3*p - 358 = -2*k, -p + 4*k + 82 = -14. Let c = p + 25. Is c a prime number?
False
Suppose -7*b + 46 = 3*r - 2*b, -5*r + b + 86 = 0. Let c = r + -10. Suppose c = -o - 4*x - 10, -3*o = -x - 14. Is o composite?
False
Let f = -12 - -16. Suppose 0 = -f*p + 656 + 236. Is p a composite number?
False
Let d(p) = 39*p**2 + 9*p + 13. Is d(6) a composite number?
False
Let h(g) = -4 + 10*g**2 - 9*g**2 + 11*g**2 + g**2 + 6*g. Is h(-5) a prime number?
False
Let k(y) = -3*y**3 + 3*y**2 - 4*y - 2. Is k(-4) a composite number?
True
Let y(s) = 6*s**2 - 1. Let k be y(-1). Suppose 0 = 2*i - 43 + k. Is i a composite number?
False
Let o = -47 + 106. Is o a prime number?
True
Let s(c) be the third derivative of 0 - c**2 + 0*c + 5/6*c**3 - 1/24*c**4. Is s(-6) composite?
False
Let v = 14 - 25. Is (v*(0 - -1))/(-1) composite?
False
Suppose 6613 = 4*a - 15271. Is a composite?
False
Let f = 50 + -13. Let l = f - -9. Is l prime?
False
Suppose -2*v = v - 102. Let h = 1 + v. Is h prime?
False
Let g = 338 - -311. Is g a composite number?
True
Let g be 